he prime factors of 1151?
1151
What are the prime factors of 13208?
2, 13, 127
List the prime factors of 133017.
3, 101, 439
What are the prime factors of 10?
2, 5
List the prime factors of 4055.
5, 811
What are the prime factors of 1170?
2, 3, 5, 13
What are the prime factors of 2763?
3, 307
List the prime factors of 64742.
2, 32371
What are the prime factors of 61217?
13, 17, 277
List the prime factors of 52476.
2, 3, 4373
List the prime factors of 11990.
2, 5, 11, 109
List the prime factors of 65470.
2, 5, 6547
List the prime factors of 4041.
3, 449
List the prime factors of 38772.
2, 3, 359
List the prime factors of 29782.
2, 14891
What are the prime factors of 7147?
7, 1021
List the prime factors of 9447.
3, 47, 67
What are the prime factors of 15866?
2, 7933
What are the prime factors of 24908?
2, 13, 479
List the prime factors of 8686.
2, 43, 101
What are the prime factors of 2469?
3, 823
List the prime factors of 9086.
2, 7, 11, 59
What are the prime factors of 35507?
35507
List the prime factors of 781.
11, 71
What are the prime factors of 1860?
2, 3, 5, 31
What are the prime factors of 9415?
5, 7, 269
List the prime factors of 11549.
11549
What are the prime factors of 481?
13, 37
What are the prime factors of 11061?
3, 1229
List the prime factors of 13778.
2, 83
List the prime factors of 7498.
2, 23, 163
List the prime factors of 33809.
33809
What are the prime factors of 810?
2, 3, 5
What are the prime factors of 3150?
2, 3, 5, 7
List the prime factors of 219.
3, 73
List the prime factors of 6909.
3, 7, 47
List the prime factors of 53663.
103, 521
What are the prime factors of 198116?
2, 49529
List the prime factors of 4175.
5, 167
List the prime factors of 58575.
3, 5, 11, 71
What are the prime factors of 181322?
2, 17, 5333
List the prime factors of 49892.
2, 12473
List the prime factors of 1424.
2, 89
List the prime factors of 61073.
157, 389
List the prime factors of 23984.
2, 1499
What are the prime factors of 2189?
11, 199
List the prime factors of 1305.
3, 5, 29
List the prime factors of 84186.
2, 3, 1559
List the prime factors of 71799.
3, 7, 13, 263
What are the prime factors of 161244?
2, 3, 1493
What are the prime factors of 1987?
1987
List the prime factors of 19649.
7, 401
What are the prime factors of 278?
2, 139
What are the prime factors of 786?
2, 3, 131
List the prime factors of 61749.
3, 2287
List the prime factors of 9728.
2, 19
What are the prime factors of 31015?
5, 6203
What are the prime factors of 708?
2, 3, 59
List the prime factors of 8176.
2, 7, 73
What are the prime factors of 1095?
3, 5, 73
What are the prime factors of 11507?
37, 311
What are the prime factors of 4586?
2, 2293
List the prime factors of 3092.
2, 773
List the prime factors of 1555.
5, 311
What are the prime factors of 425?
5, 17
What are the prime factors of 40711?
11, 3701
List the prime factors of 1795.
5, 359
What are the prime factors of 8572?
2, 2143
What are the prime factors of 42134?
2, 21067
List the prime factors of 933.
3, 311
List the prime factors of 2065.
5, 7, 59
What are the prime factors of 945?
3, 5, 7
List the prime factors of 1403.
23, 61
List the prime factors of 247.
13, 19
List the prime factors of 1839.
3, 613
List the prime factors of 115137.
3, 11, 1163
List the prime factors of 1568.
2, 7
What are the prime factors of 628?
2, 157
What are the prime factors of 2457?
3, 7, 13
What are the prime factors of 14836?
2, 3709
List the prime factors of 2982.
2, 3, 7, 71
What are the prime factors of 480?
2, 3, 5
List the prime factors of 3047.
11, 277
List the prime factors of 1417.
13, 109
List the prime factors of 8498.
2, 7, 607
What are the prime factors of 34926?
2, 3, 5821
List the prime factors of 8837.
8837
What are the prime factors of 1456?
2, 7, 13
List the prime factors of 14588.
2, 7, 521
What are the prime factors of 7779?
3, 2593
What are the prime factors of 3145?
5, 17, 37
List the prime factors of 6996.
2, 3, 11, 53
List the prime factors of 15296.
2, 239
List the prime factors of 594.
2, 3, 11
List the prime factors of 117989.
117989
List the prime factors of 52354.
2, 26177
What are the prime factors of 5732?
2, 1433
List the prime factors of 8091.
3, 29, 31
What are the prime factors of 19774?
2, 9887
List the prime factors of 13749.
3, 4583
What are the prime factors of 1080?
2, 3, 5
List the prime factors of 990.
2, 3, 5, 11
List the prime factors of 71798.
2, 35899
What are the prime factors of 1662?
2, 3, 277
List the prime factors of 1745.
5, 349
List the prime factors of 1570.
2, 5, 157
What are the prime factors of 3021?
3, 19, 53
List the prime factors of 751.
751
What are the prime factors of 31651?
31, 1021
What are the prime factors of 14871?
3, 4957
List the prime factors of 617.
617
What are the prime factors of 46826?
2, 13, 1801
List the prime factors of 4984.
2, 7, 89
List the prime factors of 35269.
13, 2713
What are the prime factors of 4426?
2, 2213
List the prime factors of 4491.
3, 499
What are the prime factors of 785?
5, 157
List the prime factors of 5373.
3, 199
What are the prime factors of 430?
2, 5, 43
List the prime factors of 1003.
17, 59
What are the prime factors of 75169?
75169
List the prime factors of 17622.
2, 3, 11, 89
List the prime factors of 31225.
5, 1249
What are the prime factors of 4824?
2, 3, 67
What are the prime factors of 1262?
2, 631
What are the prime factors of 104680?
2, 5, 2617
List the prime factors of 459.
3, 17
List the prime factors of 987.
3, 7, 47
What are the prime factors of 50586?
2, 3, 8431
What are the prime factors of 3363?
3, 19, 59
What are the prime factors of 12198?
2, 3, 19, 107
What are the prime factors of 1954?
2, 977
What are the prime factors of 39670?
2, 5, 3967
List the prime factors of 200.
2, 5
What are the prime factors of 158814?
2, 3, 17, 173
What are the prime factors of 195238?
2, 31, 47, 67
What are the prime factors of 9919?
7, 13, 109
What are the prime factors of 6050?
2, 5, 11
What are the prime factors of 757?
757
List the prime factors of 2130.
2, 3, 5, 71
List the prime factors of 2942.
2, 1471
What are the prime factors of 644?
2, 7, 23
List the prime factors of 49210.
2, 5, 7, 19, 37
List the prime factors of 17580.
2, 3, 5, 293
What are the prime factors of 2645?
5, 23
What are the prime factors of 4320?
2, 3, 5
What are the prime factors of 4803?
3, 1601
What are the prime factors of 88580?
2, 5, 43, 103
List the prime factors of 3870.
2, 3, 5, 43
List the prime factors of 12754.
2, 7, 911
What are the prime factors of 8252?
2, 2063
List the prime factors of 6217.
6217
What are the prime factors of 3057?
3, 1019
List the prime factors of 16016.
2, 7, 11, 13
List the prime factors of 2221.
2221
What are the prime factors of 30377?
37, 821
What are the prime factors of 971?
971
What are the prime factors of 13818?
2, 3, 7, 47
List the prime factors of 1076.
2, 269
What are the prime factors of 7900?
2, 5, 79
List the prime factors of 983.
983
What are the prime factors of 7797?
3, 23, 113
List the prime factors of 21542.
2, 10771
List the prime factors of 9461.
9461
List the prime factors of 846.
2, 3, 47
What are the prime factors of 822?
2, 3, 137
List the prime factors of 8433.
3, 937
List the prime factors of 4742.
2, 2371
List the prime factors of 18356.
2, 13, 353
What are the prime factors of 45387?
3, 41
List the prime factors of 60665.
5, 11, 1103
What are the prime factors of 1268?
2, 317
What are the prime factors of 32448?
2, 3, 13
What are the prime factors of 1120?
2, 5, 7
What are the prime factors of 1405?
5, 281
What are the prime factors of 30276?
2, 3, 29
What are the prime factors of 19895?
5, 23, 173
What are the prime factors of 2248?
2, 281
List the prime factors of 21676.
2, 5419
List the prime factors of 5699.
41, 139
List the prime factors of 541.
541
What are the prime factors of 13554?
2, 3, 251
List the prime factors of 25966.
2, 12983
What are the prime factors of 9328?
2, 11, 53
List the prime factors of 108322.
2, 41, 1321
List the prime factors of 12261.
3, 61, 67
What are the prime factors of 579?
3, 193
What are the prime factors of 833?
7, 17
What are the prime factors of 13843?
109, 127
List the prime factors of 80.
2, 5
List the prime factors of 1664.
2, 13
What ar